24.
208
Calculate the remainder when 331 is divided by 34.
25
What is the remainder when 674 is divided by 52?
50
What is the remainder when 1925 is divided by 107?
106
What is the remainder when 834 is divided by 14?
8
Calculate the remainder when 1613 is divided by 162.
155
Calculate the remainder when 1300 is divided by 366.
202
Calculate the remainder when 1512 is divided by 87.
33
Calculate the remainder when 2 is divided by 1.
0
What is the remainder when 456 is divided by 29?
21
Calculate the remainder when 988 is divided by 208.
156
What is the remainder when 970 is divided by 40?
10
Calculate the remainder when 77 is divided by 13.
12
Calculate the remainder when 458 is divided by 84.
38
Calculate the remainder when 317 is divided by 54.
47
What is the remainder when 1093 is divided by 364?
1
What is the remainder when 665 is divided by 22?
5
Calculate the remainder when 91 is divided by 62.
29
Calculate the remainder when 596 is divided by 179.
59
Calculate the remainder when 45081 is divided by 26.
23
Calculate the remainder when 19 is divided by 7.
5
What is the remainder when 595 is divided by 80?
35
What is the remainder when 209 is divided by 63?
20
What is the remainder when 124 is divided by 51?
22
What is the remainder when 238 is divided by 199?
39
Calculate the remainder when 2072 is divided by 83.
80
Calculate the remainder when 95 is divided by 46.
3
What is the remainder when 338 is divided by 38?
34
What is the remainder when 287 is divided by 3?
2
Calculate the remainder when 19 is divided by 6.
1
Calculate the remainder when 3611 is divided by 129.
128
What is the remainder when 10436 is divided by 71?
70
Calculate the remainder when 18078 is divided by 101.
100
Calculate the remainder when 528 is divided by 298.
230
Calculate the remainder when 5448 is divided by 495.
3
Calculate the remainder when 3395 is divided by 46.
37
Calculate the remainder when 952 is divided by 28.
0
Calculate the remainder when 133 is divided by 23.
18
Calculate the remainder when 1671 is divided by 31.
28
Calculate the remainder when 1608 is divided by 31.
27
Calculate the remainder when 58 is divided by 6.
4
Calculate the remainder when 217 is divided by 82.
53
What is the remainder when 186 is divided by 16?
10
Calculate the remainder when 29164 is divided by 95.
94
Calculate the remainder when 10270 is divided by 24.
22
What is the remainder when 121 is divided by 30?
1
What is the remainder when 11636 is divided by 2325?
11
Calculate the remainder when 27718 is divided by 126.
124
What is the remainder when 692 is divided by 87?
83
What is the remainder when 247 is divided by 117?
13
What is the remainder when 494 is divided by 45?
44
What is the remainder when 280 is divided by 19?
14
Calculate the remainder when 358 is divided by 352.
6
Calculate the remainder when 647 is divided by 131.
123
What is the remainder when 460 is divided by 178?
104
What is the remainder when 560 is divided by 11?
10
What is the remainder when 1019 is divided by 30?
29
What is the remainder when 133 is divided by 46?
41
Calculate the remainder when 138 is divided by 48.
42
Calculate the remainder when 174 is divided by 18.
12
What is the remainder when 335 is divided by 68?
63
Calculate the remainder when 503 is divided by 28.
27
What is the remainder when 802 is divided by 116?
106
What is the remainder when 1054 is divided by 43?
22
Calculate the remainder when 74 is divided by 18.
2
What is the remainder when 185 is divided by 62?
61
Calculate the remainder when 605 is divided by 29.
25
Calculate the remainder when 174 is divided by 61.
52
What is the remainder when 1146 is divided by 37?
36
What is the remainder when 1068 is divided by 106?
8
Calculate the remainder when 907 is divided by 10.
7
Calculate the remainder when 174 is divided by 20.
14
What is the remainder when 329 is divided by 111?
107
What is the remainder when 230 is divided by 109?
12
What is the remainder when 366 is divided by 46?
44
What is the remainder when 175 is divided by 59?
57
Calculate the remainder when 238 is divided by 24.
22
What is the remainder when 553 is divided by 40?
33
Calculate the remainder when 678 is divided by 111.
12
What is the remainder when 169 is divided by 168?
1
What is the remainder when 198 is divided by 32?
6
What is the remainder when 316 is divided by 29?
26
Calculate the remainder when 470 is divided by 92.
10
Calculate the remainder when 279 is divided by 20.
19
Calculate the remainder when 6149 is divided by 123.
122
Calculate the remainder when 823 is divided by 272.
7
Calculate the remainder when 6898 is divided by 2.
0
What is the remainder when 239 is divided by 10?
9
What is the remainder when 174 is divided by 11?
9
Calculate the remainder when 155 is divided by 20.
15
What is the remainder when 83 is divided by 21?
20
What is the remainder when 139 is divided by 50?
39
Calculate the remainder when 182 is divided by 64.
54
Calculate the remainder when 237 is divided by 30.
27
Calculate the remainder when 959 is divided by 6.
5
What is the remainder when 24815 is divided by 24?
23
Calculate the remainder when 641 is divided by 7.
4
What is the remainder when 679 is divided by 356?
323
Calculate the remainder when 73 is divided by 20.
13
Calculate the remainder when 906 is divided by 300.
6
What is the remainder when 74 is divided by 28?
18
What is the remainder when 185 is divided by 55?
20
Calculate the remainder when 752 is divided by 129.
107
Calculate the remainder when 262 is divided by 16.
6
What is the remainder when 288 is divided by 83?
39
Calculate the remainder when 141 is divided by 13.
11
Calculate the remainder when 10359 is divided by 35.
34
Calculate the remainder when 262 is divided by 85.
7
What is the remainder when 363 is divided by 61?
58
Calculate the remainder when 36 is divided by 13.
10
What is the remainder when 197 is divided by 66?
65
Calculate the remainder when 64 is divided by 55.
9
What is the remainder when 9 is divided by 2?
1
What is the remainder when 600 is divided by 43?
41
What is the remainder when 429 is divided by 72?
69
What is the remainder when 326 is divided by 7?
4
What is the remainder when 602 is divided by 11?
8
What is the remainder when 42 is divided by 6?
0
What is the remainder when 252 is divided by 15?
12
What is the remainder when 1495 is divided by 44?
43
What is the remainder when 210 is divided by 70?
0
What is the remainder when 1417 is divided by 12?
1
What is the remainder when 1919 is divided by 51?
32
What is the remainder when 78 is divided by 10?
8
What is the remainder when 155 is divided by 23?
17
Calculate the remainder when 418 is divided by 6.
4
What is the remainder when 1948 is divided by 10?
8
What is the remainder when 91 is divided by 13?
0
Calculate the remainder when 729 is divided by 46.
39
Calculate the remainder when 10755 is divided by 163.
160
Calculate the remainder when 10660 is divided by 62.
58
What is the remainder when 1992 is divided by 111?
105
Calculate the remainder when 79 is divided by 28.
23
What is the remainder when 326 is divided by 37?
30
Calculate the remainder when 2023 is divided by 44.
43
Calculate the remainder when 528 is divided by 127.
20
What is the remainder when 262 is divided by 19?
15
Calculate the remainder when 244 is divided by 13.
10
Calculate the remainder when 383 is divided by 96.
95
Calculate the remainder when 1096 is divided by 60.
16
Calculate the remainder when 127 is divided by 35.
22
Calculate the remainder when 270 is divided by 69.
63
Calculate the remainder when 220 is divided by 58.
46
What is the remainder when 42 is divided by 17?
8
What is the remainder when 2814 is divided by 2797?
17
What is the remainder when 32 is divided by 12?
8
Calculate the remainder when 233 is divided by 187.
46
What is the remainder when 52 is divided by 15?
7
What is the remainder when 1055 is divided by 11?
10
What is the remainder when 745 is divided by 150?
145
Calculate the remainder when 2218 is divided by 234.
112
What is the remainder when 767 is divided by 64?
63
Calculate the remainder when 453 is divided by 62.
19
Calculate the remainder when 36437 is divided by 5.
2
Calculate the remainder when 3288 is divided 